CRAN Package Check Results for Package windex

Last updated on 2025-01-20 16:48:37 CET.

Flavor Version Tinstall Tcheck Ttotal Status Flags
r-devel-linux-x86_64-debian-clang 2.0.8 9.63 79.02 88.65 NOTE
r-devel-linux-x86_64-debian-gcc 2.0.8 8.25 58.14 66.39 NOTE
r-devel-linux-x86_64-fedora-clang 2.0.8 153.57 OK
r-devel-linux-x86_64-fedora-gcc 2.0.8 133.20 OK
r-devel-windows-x86_64 2.0.8 12.00 90.00 102.00 NOTE
r-patched-linux-x86_64 2.0.8 14.81 73.76 88.57 OK
r-release-linux-x86_64 2.0.8 8.67 73.75 82.42 OK
r-release-macos-arm64 2.0.8 44.00 OK
r-release-macos-x86_64 2.0.8 56.00 OK
r-release-windows-x86_64 2.0.8 12.00 94.00 106.00 OK
r-oldrel-macos-arm64 2.0.8 51.00 OK
r-oldrel-macos-x86_64 2.0.8 84.00 OK
r-oldrel-windows-x86_64 2.0.8 13.00 108.00 121.00 OK

Check Details

Version: 2.0.8
Check: Rd cross-references
Result: NOTE Found the following Rd file(s) with Rd \link{} targets missing package anchors: richYuleInputs.Rd: richness.yule.test Please provide package anchors for all Rd \link{} targets not in the package itself and the base packages. Flavors: r-devel-linux-x86_64-debian-clang, r-devel-linux-x86_64-debian-gcc, r-devel-windows-x86_64