Last updated on 2025-01-20 19:49:30 CET.
Flavor | Version | Tinstall | Tcheck | Ttotal | Status | Flags |
---|---|---|---|---|---|---|
r-devel-linux-x86_64-debian-clang | 1.1.33 | 31.26 | 179.84 | 211.10 | OK | |
r-devel-linux-x86_64-debian-gcc | 1.1.34 | 19.70 | 119.35 | 139.05 | OK | |
r-devel-linux-x86_64-fedora-clang | 1.1.34 | 286.60 | OK | |||
r-devel-linux-x86_64-fedora-gcc | 1.1.34 | 252.81 | OK | |||
r-devel-windows-x86_64 | 1.1.34 | 34.00 | 223.00 | 257.00 | OK | |
r-patched-linux-x86_64 | 1.1.33 | 32.47 | 168.37 | 200.84 | OK | |
r-release-linux-x86_64 | 1.1.34 | 29.72 | 165.40 | 195.12 | OK | |
r-release-macos-arm64 | 1.1.33 | 112.00 | OK | |||
r-release-macos-x86_64 | 1.1.33 | 234.00 | NOTE | |||
r-release-windows-x86_64 | 1.1.33 | 34.00 | 230.00 | 264.00 | NOTE | |
r-oldrel-macos-arm64 | 1.1.33 | 115.00 | OK | |||
r-oldrel-macos-x86_64 | 1.1.33 | 220.00 | NOTE | |||
r-oldrel-windows-x86_64 | 1.1.34 | 33.00 | 212.00 | 245.00 | NOTE |
Version: 1.1.33
Check: installed package size
Result: NOTE
installed size is 5.0Mb
sub-directories of 1Mb or more:
doc 2.9Mb
Flavors: r-release-macos-x86_64, r-release-windows-x86_64, r-oldrel-macos-x86_64
Version: 1.1.34
Check: installed package size
Result: NOTE
installed size is 8.9Mb
sub-directories of 1Mb or more:
doc 6.6Mb
libs 1.0Mb
Flavor: r-oldrel-windows-x86_64