CRAN Package Check Results for Package gargoyle

Last updated on 2025-01-24 21:48:24 CET.

Flavor Version Tinstall Tcheck Ttotal Status Flags
r-devel-linux-x86_64-debian-clang 0.0.1 3.21 35.22 38.43 OK
r-devel-linux-x86_64-debian-gcc 0.0.1 2.64 28.20 30.84 OK
r-devel-linux-x86_64-fedora-clang 0.0.1 63.40 OK
r-devel-linux-x86_64-fedora-gcc 0.0.1 72.46 OK
r-devel-windows-x86_64 0.0.1 5.00 62.00 67.00 OK
r-patched-linux-x86_64 0.0.1 2.84 33.57 36.41 NOTE
r-release-linux-x86_64 0.0.1 2.98 33.68 36.66 NOTE
r-release-macos-arm64 0.0.1 29.00 NOTE
r-release-macos-x86_64 0.0.1 44.00 NOTE
r-release-windows-x86_64 0.0.1 5.00 60.00 65.00 NOTE
r-oldrel-macos-arm64 0.0.1 28.00 NOTE
r-oldrel-macos-x86_64 0.0.1 41.00 NOTE
r-oldrel-windows-x86_64 0.0.1 6.00 63.00 69.00 NOTE

Check Details

Version: 0.0.1
Check: LazyData
Result: NOTE 'LazyData' is specified without a 'data' directory Flavors: r-patched-linux-x86_64, r-release-linux-x86_64, r-release-macos-arm64, r-release-macos-x86_64, r-release-windows-x86_64, r-oldrel-macos-arm64, r-oldrel-macos-x86_64, r-oldrel-windows-x86_64