CRAN Package Check Results for Package zooimage

Last updated on 2024-06-15 19:55:14 CEST.

Flavor Version Tinstall Tcheck Ttotal Status Flags
r-devel-linux-x86_64-debian-clang 5.5.2 19.79 117.04 136.83 NOTE
r-devel-linux-x86_64-debian-gcc 5.5.2 16.69 94.09 110.78 NOTE
r-devel-linux-x86_64-fedora-clang 5.5.2 164.11 NOTE
r-devel-linux-x86_64-fedora-gcc 5.5.2 192.75 NOTE
r-devel-windows-x86_64 5.5.2 19.00 105.00 124.00 NOTE
r-patched-linux-x86_64 5.5.2 20.67 110.66 131.33 NOTE
r-release-linux-x86_64 5.5.2 19.94 111.78 131.72 NOTE
r-release-macos-arm64 5.5.2 47.00 NOTE
r-release-macos-x86_64 5.5.2 90.00 NOTE
r-release-windows-x86_64 5.5.2 20.00 111.00 131.00 NOTE
r-oldrel-macos-arm64 5.5.2 53.00 NOTE
r-oldrel-macos-x86_64 5.5.2 92.00 NOTE
r-oldrel-windows-x86_64 5.5.2 25.00 136.00 161.00 NOTE

Check Details

Version: 5.5.2
Check: Rd files
Result: NOTE checkRd: (-1) ZIClass.Rd:87: Escaped LaTeX specials: \_ checkRd: (-1) ZITrain.Rd:72: Escaped LaTeX specials: \_ checkRd: (-1) ZITrain.Rd:74: Escaped LaTeX specials: \_ checkRd: (-1) zid.Rd:45: Escaped LaTeX specials: \_ checkRd: (-1) zim.Rd:63: Escaped LaTeX specials: \_ checkRd: (-1) zim.Rd:182: Lost braces 182 | dQuote{tab-delimited text file} when you have done and close the spreadsheet | ^ Flavors: r-devel-linux-x86_64-debian-clang, r-devel-linux-x86_64-debian-gcc, r-devel-linux-x86_64-fedora-clang, r-devel-linux-x86_64-fedora-gcc, r-devel-windows-x86_64, r-patched-linux-x86_64, r-release-linux-x86_64, r-release-macos-arm64, r-release-macos-x86_64, r-release-windows-x86_64

Version: 5.5.2
Check: Rd files
Result: NOTE checkRd: (-1) ZIClass.Rd:87: Escaped LaTeX specials: \_ checkRd: (-1) ZITrain.Rd:72: Escaped LaTeX specials: \_ checkRd: (-1) ZITrain.Rd:74: Escaped LaTeX specials: \_ checkRd: (-1) zid.Rd:45: Escaped LaTeX specials: \_ checkRd: (-1) zim.Rd:63: Escaped LaTeX specials: \_ Flavors: r-oldrel-macos-arm64, r-oldrel-macos-x86_64, r-oldrel-windows-x86_64

Version: 5.5.2
Check: package dependencies
Result: NOTE Package suggested but not available for checking: ‘rJava’ Flavor: r-oldrel-macos-x86_64