CRAN Package Check Results for Package xesreadR

Last updated on 2024-06-14 20:03:36 CEST.

Flavor Version Tinstall Tcheck Ttotal Status Flags
r-devel-linux-x86_64-debian-clang 0.2.3 10.94 79.88 90.82 NOTE
r-devel-linux-x86_64-debian-gcc 0.2.3 8.79 59.28 68.07 NOTE
r-devel-linux-x86_64-fedora-clang 0.2.3 114.04 NOTE
r-devel-linux-x86_64-fedora-gcc 0.2.3 119.32 NOTE
r-devel-windows-x86_64 0.2.3 9.00 74.00 83.00 NOTE
r-patched-linux-x86_64 0.2.3 10.66 74.84 85.50 NOTE
r-release-linux-x86_64 0.2.3 9.60 75.35 84.95 NOTE
r-release-macos-arm64 0.2.3 40.00 NOTE
r-release-macos-x86_64 0.2.3 56.00 NOTE
r-release-windows-x86_64 0.2.3 12.00 73.00 85.00 NOTE
r-oldrel-macos-arm64 0.2.3 36.00 NOTE
r-oldrel-macos-x86_64 0.2.3 58.00 NOTE
r-oldrel-windows-x86_64 0.2.3 14.00 82.00 96.00 NOTE

Check Details

Version: 0.2.3
Check: LazyData
Result: NOTE 'LazyData' is specified without a 'data' directory Flavors: r-devel-linux-x86_64-debian-clang, r-devel-linux-x86_64-debian-gcc, r-devel-linux-x86_64-fedora-clang, r-devel-linux-x86_64-fedora-gcc, r-devel-windows-x86_64, r-patched-linux-x86_64, r-release-linux-x86_64, r-release-macos-arm64, r-release-macos-x86_64, r-release-windows-x86_64, r-oldrel-macos-arm64, r-oldrel-macos-x86_64, r-oldrel-windows-x86_64