CRAN Package Check Results for Package xergm.common

Last updated on 2024-06-24 07:53:46 CEST.

Flavor Version Tinstall Tcheck Ttotal Status Flags
r-devel-linux-x86_64-debian-clang 1.7.8 12.41 98.20 110.61 NOTE
r-devel-linux-x86_64-debian-gcc 1.7.8 9.93 72.55 82.48 NOTE
r-devel-linux-x86_64-fedora-clang 1.7.8 137.57 NOTE
r-devel-linux-x86_64-fedora-gcc 1.7.8 126.72 NOTE
r-devel-windows-x86_64 1.7.8 12.00 83.00 95.00 NOTE
r-patched-linux-x86_64 1.7.8 11.30 95.40 106.70 NOTE
r-release-linux-x86_64 1.7.8 12.51 92.56 105.07 NOTE
r-release-macos-arm64 1.7.8 41.00 NOTE
r-release-macos-x86_64 1.7.8 58.00 NOTE
r-release-windows-x86_64 1.7.8 11.00 87.00 98.00 NOTE
r-oldrel-macos-arm64 1.7.8 45.00 OK
r-oldrel-macos-x86_64 1.7.8 71.00 OK
r-oldrel-windows-x86_64 1.7.8 14.00 102.00 116.00 OK

Check Details

Version: 1.7.8
Check: Rd files
Result: NOTE checkRd: (-1) chemnet.Rd:111: Lost braces in \itemize; meant \describe ? checkRd: (-1) chemnet.Rd:112: Lost braces in \itemize; meant \describe ? checkRd: (-1) knecht.Rd:103: Lost braces in \itemize; meant \describe ? checkRd: (-1) knecht.Rd:104: Lost braces in \itemize; meant \describe ? checkRd: (-1) knecht.Rd:105: Lost braces in \itemize; meant \describe ? Flavors: r-devel-linux-x86_64-debian-clang, r-devel-linux-x86_64-debian-gcc, r-devel-linux-x86_64-fedora-clang, r-devel-linux-x86_64-fedora-gcc, r-devel-windows-x86_64, r-patched-linux-x86_64, r-release-linux-x86_64, r-release-macos-arm64, r-release-macos-x86_64, r-release-windows-x86_64

Version: 1.7.8
Check: Rd cross-references
Result: NOTE Undeclared package ‘RSiena’ in Rd xrefs Flavor: r-devel-linux-x86_64-fedora-clang