Last updated on 2023-01-30 09:35:22 CET.
Flavor | Version | Tinstall | Tcheck | Ttotal | Status | Flags |
---|---|---|---|---|---|---|
r-devel-linux-x86_64-debian-clang | 1.7.0.1 | 17.62 | 213.05 | 230.67 | OK | |
r-devel-linux-x86_64-debian-gcc | 1.7.1 | 12.83 | 149.72 | 162.55 | OK | |
r-devel-linux-x86_64-fedora-clang | 1.7.1 | 280.19 | NOTE | |||
r-devel-linux-x86_64-fedora-gcc | 1.7.1 | 294.13 | OK | |||
r-devel-windows-x86_64 | 1.7.1 | 47.00 | 274.00 | 321.00 | NOTE | |
r-patched-linux-x86_64 | 1.7.1 | 20.74 | 201.31 | 222.05 | OK | |
r-release-linux-x86_64 | 1.7.1 | 12.22 | 204.30 | 216.52 | OK | |
r-release-macos-arm64 | 1.7.1 | 87.00 | NOTE | |||
r-release-macos-x86_64 | 1.7.1 | 110.00 | NOTE | |||
r-release-windows-x86_64 | 1.7.1 | 30.00 | 195.00 | 225.00 | NOTE | |
r-oldrel-macos-arm64 | 1.7.1 | 82.00 | NOTE | |||
r-oldrel-macos-x86_64 | 1.7.1 | 115.00 | NOTE | |||
r-oldrel-windows-ix86+x86_64 | 1.7.0.1 | 25.00 | 248.00 | 273.00 | NOTE |
Version: 1.7.1
Check: installed package size
Result: NOTE
installed size is 6.9Mb
sub-directories of 1Mb or more:
doc 3.6Mb
extdata 2.5Mb
Flavors: r-devel-linux-x86_64-fedora-clang, r-devel-windows-x86_64, r-release-macos-arm64, r-release-macos-x86_64, r-release-windows-x86_64, r-oldrel-macos-arm64, r-oldrel-macos-x86_64
Version: 1.7.1
Check: package dependencies
Result: NOTE
Package suggested but not available for checking: ‘ROTS’
Flavors: r-release-macos-arm64, r-release-macos-x86_64, r-oldrel-macos-arm64, r-oldrel-macos-x86_64
Version: 1.7.0.1
Check: installed package size
Result: NOTE
installed size is 7.1Mb
sub-directories of 1Mb or more:
doc 3.5Mb
extdata 2.9Mb
Flavor: r-oldrel-windows-ix86+x86_64