CRAN Package Check Results for Package wpp2019

Last updated on 2024-07-21 08:49:32 CEST.

Flavor Version Tinstall Tcheck Ttotal Status Flags
r-devel-linux-x86_64-debian-clang 1.1-1 2.58 45.43 48.01 OK
r-devel-linux-x86_64-debian-gcc 1.1-1 2.28 37.33 39.61 OK
r-devel-linux-x86_64-fedora-clang 1.1-1 62.29 NOTE
r-devel-linux-x86_64-fedora-gcc 1.1-1 59.27 OK
r-devel-windows-x86_64 1.1-1 5.00 63.00 68.00 NOTE
r-patched-linux-x86_64 1.1-1 2.40 46.83 49.23 OK
r-release-linux-x86_64 1.1-1 2.88 45.07 47.95 OK
r-release-macos-arm64 1.1-1 23.00 NOTE
r-release-macos-x86_64 1.1-1 47.00 NOTE
r-release-windows-x86_64 1.1-1 7.00 62.00 69.00 NOTE
r-oldrel-macos-arm64 1.1-1 26.00 NOTE
r-oldrel-macos-x86_64 1.1-1 38.00 NOTE
r-oldrel-windows-x86_64 1.1-1 6.00 69.00 75.00 NOTE

Check Details

Version: 1.1-1
Check: installed package size
Result: NOTE installed size is 11.4Mb sub-directories of 1Mb or more: data 11.3Mb Flavors: r-devel-linux-x86_64-fedora-clang, r-devel-windows-x86_64, r-release-macos-arm64, r-release-macos-x86_64, r-release-windows-x86_64, r-oldrel-macos-arm64, r-oldrel-macos-x86_64, r-oldrel-windows-x86_64