CRAN Package Check Results for Package webdriver

Last updated on 2024-05-27 19:54:14 CEST.

Flavor Version Tinstall Tcheck Ttotal Status Flags
r-devel-linux-x86_64-debian-clang 1.0.6 5.70 35.01 40.71 NOTE
r-devel-linux-x86_64-debian-gcc 1.0.6 5.18 27.34 32.52 NOTE
r-devel-linux-x86_64-fedora-clang 1.0.6 52.36 NOTE
r-devel-linux-x86_64-fedora-gcc 1.0.6 49.51 NOTE
r-devel-windows-x86_64 1.0.6 6.00 49.00 55.00 NOTE
r-patched-linux-x86_64 1.0.6 6.65 34.39 41.04 NOTE
r-release-linux-x86_64 1.0.6 5.79 33.90 39.69 NOTE
r-release-macos-arm64 1.0.6 20.00 NOTE
r-release-windows-x86_64 1.0.6 6.00 49.00 55.00 NOTE
r-oldrel-macos-arm64 1.0.6 22.00 NOTE
r-oldrel-macos-x86_64 1.0.6 27.00 NOTE
r-oldrel-windows-x86_64 1.0.6 8.00 54.00 62.00 NOTE

Check Details

Version: 1.0.6
Check: Rd files
Result: NOTE checkRd: (-1) Session.Rd:146: Lost braces 146 | sQuote{page load} timeout specifies a time to wait for the page loading | ^ Flavors: r-devel-linux-x86_64-debian-clang, r-devel-linux-x86_64-debian-gcc, r-devel-linux-x86_64-fedora-clang, r-devel-linux-x86_64-fedora-gcc, r-devel-windows-x86_64, r-patched-linux-x86_64, r-release-linux-x86_64, r-release-macos-arm64, r-release-windows-x86_64

Version: 1.0.6
Check: LazyData
Result: NOTE 'LazyData' is specified without a 'data' directory Flavors: r-devel-linux-x86_64-debian-clang, r-devel-linux-x86_64-debian-gcc, r-devel-linux-x86_64-fedora-clang, r-devel-linux-x86_64-fedora-gcc, r-devel-windows-x86_64, r-patched-linux-x86_64, r-release-linux-x86_64, r-release-macos-arm64, r-release-windows-x86_64, r-oldrel-macos-arm64, r-oldrel-macos-x86_64, r-oldrel-windows-x86_64