Last updated on 2025-01-24 21:48:42 CET.
Flavor | Version | Tinstall | Tcheck | Ttotal | Status | Flags |
---|---|---|---|---|---|---|
r-devel-linux-x86_64-debian-clang | 1.3.8 | 5.24 | 50.86 | 56.10 | OK | |
r-devel-linux-x86_64-debian-gcc | 1.3.8 | 3.58 | 39.37 | 42.95 | OK | |
r-devel-linux-x86_64-fedora-clang | 1.3.8 | 91.35 | OK | |||
r-devel-linux-x86_64-fedora-gcc | 1.3.8 | 100.18 | OK | |||
r-devel-windows-x86_64 | 1.3.8 | 6.00 | 71.00 | 77.00 | OK | |
r-patched-linux-x86_64 | 1.3.8 | 4.80 | 48.76 | 53.56 | NOTE | |
r-release-linux-x86_64 | 1.3.8 | 3.99 | 48.37 | 52.36 | NOTE | |
r-release-macos-arm64 | 1.3.8 | 39.00 | NOTE | |||
r-release-macos-x86_64 | 1.3.8 | 60.00 | NOTE | |||
r-release-windows-x86_64 | 1.3.8 | 6.00 | 70.00 | 76.00 | NOTE | |
r-oldrel-macos-arm64 | 1.3.8 | 43.00 | NOTE | |||
r-oldrel-macos-x86_64 | 1.3.8 | 58.00 | NOTE | |||
r-oldrel-windows-x86_64 | 1.3.8 | 7.00 | 79.00 | 86.00 | NOTE |
Version: 1.3.8
Check: package dependencies
Result: NOTE
Package suggested but not available for checking: ‘prepr’
Flavors: r-patched-linux-x86_64, r-release-linux-x86_64, r-release-macos-arm64, r-release-macos-x86_64, r-release-windows-x86_64, r-oldrel-macos-arm64, r-oldrel-macos-x86_64, r-oldrel-windows-x86_64