CRAN Package Check Results for Package wavethresh

Last updated on 2024-06-15 19:55:14 CEST.

Flavor Version Tinstall Tcheck Ttotal Status Flags
r-devel-linux-x86_64-debian-clang 4.7.2 30.05 142.74 172.79 NOTE
r-devel-linux-x86_64-debian-gcc 4.7.2 18.72 100.41 119.13 NOTE
r-devel-linux-x86_64-fedora-clang 4.7.2 207.80 NOTE
r-devel-linux-x86_64-fedora-gcc 4.7.2 200.72 NOTE
r-devel-windows-x86_64 4.7.2 27.00 162.00 189.00 NOTE
r-patched-linux-x86_64 4.7.2 32.06 135.93 167.99 NOTE
r-release-linux-x86_64 4.7.2 25.97 136.67 162.64 NOTE
r-release-macos-arm64 4.7.2 49.00 NOTE
r-release-macos-x86_64 4.7.2 77.00 NOTE
r-release-windows-x86_64 4.7.2 26.00 161.00 187.00 NOTE
r-oldrel-macos-arm64 4.7.2 54.00 OK
r-oldrel-macos-x86_64 4.7.2 93.00 OK
r-oldrel-windows-x86_64 4.7.2 31.00 186.00 217.00 OK

Check Details

Version: 4.7.2
Check: Rd files
Result: NOTE checkRd: (-1) accessC.wst.rd:24: Lost braces 24 | Note that coefficients returned by this function are in emph{packet order}. They can be used \emph{as is} but for many applications it might be more useful to deal with the coefficients in packets: see the function \code{\link{getpacket.wst}} for further details. | ^ checkRd: (-1) griddata.rd:18: Lost braces 18 | \code{G}{Codes the value of the linear interpolant matrix for the corresponding entry in \code{gridt}. The value at each point corresponds to the proportion of the original data point pointed to by \code{Gindex} that contributes to the new value at the corresponding \code{gridt} value. See Kovac, (1997), page 81 for further information.} | ^ checkRd: (-1) makegrid.rd:13: Lost braces; missing escapes or markup? 13 | \item{gridn}{The number of grid points in the dyadic grid that the (x,y) gets interpolated to. By default this is the next power of two larger than the length of {x}.} | ^ checkRd: (-1) makewpstDO.rd:29: Lost braces 29 | /bold{12}, 45-56. | ^ checkRd: (-1) wd.object.rd:47: Lost braces 47 | The wd class of objects has methods for the following generic functions: \code{\link{plot}}, \code{\link{threshold}}, \code{\link{summary}}, \code{\link{print}}, code{\link{draw}}. | ^ Flavors: r-devel-linux-x86_64-debian-clang, r-devel-linux-x86_64-debian-gcc, r-devel-linux-x86_64-fedora-clang, r-devel-linux-x86_64-fedora-gcc, r-devel-windows-x86_64, r-patched-linux-x86_64, r-release-linux-x86_64, r-release-macos-arm64, r-release-macos-x86_64, r-release-windows-x86_64