CRAN Package Check Results for Package wavelets

Last updated on 2024-06-13 07:50:50 CEST.

Flavor Version Tinstall Tcheck Ttotal Status Flags
r-devel-linux-x86_64-debian-clang 0.3-0.2 9.09 50.14 59.23 OK
r-devel-linux-x86_64-debian-gcc 0.3-0.2 6.38 37.11 43.49 OK
r-devel-linux-x86_64-fedora-clang 0.3-0.2 72.14 NOTE
r-devel-linux-x86_64-fedora-gcc 0.3-0.2 67.73 NOTE
r-devel-windows-x86_64 0.3-0.2 9.00 68.00 77.00 OK
r-patched-linux-x86_64 0.3-0.2 7.98 48.37 56.35 OK
r-release-linux-x86_64 0.3-0.2 6.10 47.69 53.79 OK
r-release-macos-arm64 0.3-0.2 23.00 OK
r-release-macos-x86_64 0.3-0.2 36.00 OK
r-release-windows-x86_64 0.3-0.2 9.00 61.00 70.00 OK
r-oldrel-macos-arm64 0.3-0.2 25.00 OK
r-oldrel-macos-x86_64 0.3-0.2 36.00 OK
r-oldrel-windows-x86_64 0.3-0.2 9.00 68.00 77.00 OK

Check Details

Version: 0.3-0.2
Check: compiled code
Result: NOTE File ‘wavelets/libs/wavelets.so’: Found no calls to: ‘R_registerRoutines’, ‘R_useDynamicSymbols’ It is good practice to register native routines and to disable symbol search. See ‘Writing portable packages’ in the ‘Writing R Extensions’ manual. Flavors: r-devel-linux-x86_64-fedora-clang, r-devel-linux-x86_64-fedora-gcc