Last updated on 2025-01-17 07:49:30 CET.
Flavor | Version | Tinstall | Tcheck | Ttotal | Status | Flags |
---|---|---|---|---|---|---|
r-devel-linux-x86_64-debian-clang | 1.0.10 | 506.79 | 231.09 | 737.88 | OK | |
r-devel-linux-x86_64-debian-gcc | 1.0.10 | 517.70 | 208.59 | 726.29 | OK | |
r-devel-linux-x86_64-fedora-clang | 1.0.10 | 1225.19 | OK | |||
r-devel-linux-x86_64-fedora-gcc | 1.0.10 | 1698.60 | OK | |||
r-devel-windows-x86_64 | 1.0.10 | 521.00 | 289.00 | 810.00 | OK | |
r-patched-linux-x86_64 | 1.0.10 | 640.11 | 281.25 | 921.36 | OK | |
r-release-linux-x86_64 | 1.0.10 | 647.13 | 279.90 | 927.03 | OK | |
r-release-macos-arm64 | 1.0.10 | 254.00 | NOTE | |||
r-release-macos-x86_64 | 1.0.10 | 349.00 | NOTE | |||
r-release-windows-x86_64 | 1.0.10 | 450.00 | 280.00 | 730.00 | NOTE | |
r-oldrel-macos-arm64 | 1.0.10 | 421.00 | NOTE | |||
r-oldrel-macos-x86_64 | 1.0.10 | 459.00 | NOTE | |||
r-oldrel-windows-x86_64 | 1.0.10 | 656.00 | 350.00 | 1006.00 | NOTE |
Version: 1.0.10
Check: installed package size
Result: NOTE
installed size is 115.7Mb
sub-directories of 1Mb or more:
libs 114.3Mb
Flavors: r-release-macos-arm64, r-release-macos-x86_64, r-release-windows-x86_64, r-oldrel-macos-arm64, r-oldrel-macos-x86_64, r-oldrel-windows-x86_64
Version: 1.0.10
Check: for GNU extensions in Makefiles
Result: NOTE
GNU make is a SystemRequirements.
Flavors: r-release-macos-arm64, r-release-macos-x86_64, r-oldrel-macos-arm64, r-oldrel-macos-x86_64