CRAN Package Check Results for Package viscomplexr

Last updated on 2024-04-16 19:49:42 CEST.

Flavor Version Tinstall Tcheck Ttotal Status Flags
r-devel-linux-x86_64-debian-clang 1.1.1 21.87 97.90 119.77 NOTE
r-devel-linux-x86_64-debian-gcc 1.1.1 14.61 75.33 89.94 NOTE
r-devel-linux-x86_64-fedora-clang 1.1.1 156.13 NOTE
r-devel-linux-x86_64-fedora-gcc 1.1.1 162.53 NOTE
r-prerel-macos-arm64 1.1.1 46.00 NOTE
r-prerel-windows-x86_64 1.1.1 18.00 95.00 113.00 NOTE
r-patched-linux-x86_64 1.1.1 19.46 92.71 112.17 NOTE
r-release-linux-x86_64 1.1.1 18.43 88.41 106.84 OK
r-release-macos-arm64 1.1.1 49.00 OK
r-release-macos-x86_64 1.1.1 72.00 OK
r-release-windows-x86_64 1.1.1 25.00 113.00 138.00 OK
r-oldrel-macos-arm64 1.1.1 45.00 OK
r-oldrel-windows-x86_64 1.1.1 23.00 110.00 133.00 OK

Check Details

Version: 1.1.1
Check: Rd files
Result: NOTE checkRd: (-1) phasePortrait.Rd:350: Lost braces; missing escapes or markup? 350 | \code{vMod = xMod^(1/lambda)} and {vArg = xArg^(1/lambda)}\cr\cr | ^ Flavors: r-devel-linux-x86_64-debian-clang, r-devel-linux-x86_64-debian-gcc, r-devel-linux-x86_64-fedora-clang, r-devel-linux-x86_64-fedora-gcc, r-prerel-macos-arm64, r-prerel-windows-x86_64, r-patched-linux-x86_64