CRAN Package Check Results for Package vcr

Last updated on 2024-06-12 19:54:41 CEST.

Flavor Version Tinstall Tcheck Ttotal Status Flags
r-devel-linux-x86_64-debian-clang 1.2.2 25.63 98.85 124.48 OK
r-devel-linux-x86_64-debian-gcc 1.2.2 18.00 63.89 81.89 ERROR
r-devel-linux-x86_64-fedora-clang 1.2.2 161.91 NOTE
r-devel-linux-x86_64-fedora-gcc 1.2.2 161.19 OK
r-devel-windows-x86_64 1.2.2 20.00 111.00 131.00 NOTE
r-patched-linux-x86_64 1.2.2 22.27 92.04 114.31 OK
r-release-linux-x86_64 1.2.2 22.54 90.35 112.89 OK
r-release-macos-arm64 1.2.2 71.00 NOTE
r-release-macos-x86_64 1.2.2 105.00 NOTE
r-release-windows-x86_64 1.2.2 21.00 110.00 131.00 NOTE
r-oldrel-macos-arm64 1.2.2 64.00 NOTE
r-oldrel-macos-x86_64 1.2.2 131.00 NOTE
r-oldrel-windows-x86_64 1.2.2 26.00 124.00 150.00 NOTE

Check Details

Version: 1.2.2
Check: package dependencies
Result: NOTE Packages suggested but not available for checking: 'roxygen2', 'testthat' Flavor: r-devel-linux-x86_64-debian-gcc

Version: 1.2.2
Check: tests
Result: ERROR Running ‘test-all.R’ [0s/1s] Running the tests in ‘tests/test-all.R’ failed. Complete output: > library("testthat") Error in library("testthat") : there is no package called 'testthat' Execution halted Flavor: r-devel-linux-x86_64-debian-gcc

Version: 1.2.2
Check: installed package size
Result: NOTE installed size is 8.6Mb sub-directories of 1Mb or more: doc 7.5Mb Flavors: r-devel-linux-x86_64-fedora-clang, r-devel-windows-x86_64, r-release-macos-arm64, r-release-macos-x86_64, r-release-windows-x86_64, r-oldrel-macos-arm64, r-oldrel-macos-x86_64, r-oldrel-windows-x86_64