CRAN Package Check Results for Package ustyc

Last updated on 2024-06-18 19:49:23 CEST.

Flavor Version Tinstall Tcheck Ttotal Status Flags
r-devel-linux-x86_64-debian-clang 1.0.0 3.62 34.83 38.45 NOTE
r-devel-linux-x86_64-debian-gcc 1.0.0 2.89 25.97 28.86 NOTE
r-devel-linux-x86_64-fedora-clang 1.0.0 47.28 NOTE
r-devel-linux-x86_64-fedora-gcc 1.0.0 44.83 NOTE
r-devel-windows-x86_64 1.0.0 4.00 47.00 51.00 NOTE
r-patched-linux-x86_64 1.0.0 3.79 33.66 37.45 NOTE
r-release-linux-x86_64 1.0.0 3.09 32.16 35.25 NOTE
r-release-macos-arm64 1.0.0 18.00 NOTE
r-release-macos-x86_64 1.0.0 25.00 NOTE
r-release-windows-x86_64 1.0.0 3.00 46.00 49.00 NOTE
r-oldrel-macos-arm64 1.0.0 19.00 NOTE
r-oldrel-macos-x86_64 1.0.0 26.00 NOTE
r-oldrel-windows-x86_64 1.0.0 4.00 49.00 53.00 NOTE

Check Details

Version: 1.0.0
Check: DESCRIPTION meta-information
Result: NOTE Malformed Title field: should not end in a period. Flavors: r-devel-linux-x86_64-debian-clang, r-devel-linux-x86_64-debian-gcc, r-devel-linux-x86_64-fedora-clang, r-devel-linux-x86_64-fedora-gcc, r-devel-windows-x86_64, r-patched-linux-x86_64, r-release-linux-x86_64, r-release-macos-arm64, r-release-macos-x86_64, r-release-windows-x86_64, r-oldrel-macos-arm64, r-oldrel-macos-x86_64, r-oldrel-windows-x86_64