CRAN Package Check Results for Package unival

Last updated on 2024-06-17 19:51:47 CEST.

Flavor Version Tinstall Tcheck Ttotal Status Flags
r-devel-linux-x86_64-debian-clang 1.1.0 3.23 26.12 29.35 OK
r-devel-linux-x86_64-debian-gcc 1.1.0 2.50 20.15 22.65 OK
r-devel-linux-x86_64-fedora-clang 1.1.0 39.27 NOTE
r-devel-linux-x86_64-fedora-gcc 1.1.0 36.42 OK
r-devel-windows-x86_64 1.1.0 4.00 42.00 46.00 OK
r-patched-linux-x86_64 1.1.0 2.90 25.73 28.63 OK
r-release-linux-x86_64 1.1.0 1.92 26.11 28.03 OK
r-release-macos-arm64 1.1.0 16.00 OK
r-release-macos-x86_64 1.1.0 22.00 OK
r-release-windows-x86_64 1.1.0 4.00 43.00 47.00 OK
r-oldrel-macos-arm64 1.1.0 17.00 OK
r-oldrel-macos-x86_64 1.1.0 23.00 OK
r-oldrel-windows-x86_64 1.1.0 5.00 40.00 45.00 OK

Check Details

Version: 1.1.0
Check: Rd cross-references
Result: NOTE Undeclared package ‘mirt’ in Rd xrefs Flavor: r-devel-linux-x86_64-fedora-clang