CRAN Package Check Results for Package units

Last updated on 2024-06-13 07:50:49 CEST.

Flavor Version Tinstall Tcheck Ttotal Status Flags
r-devel-linux-x86_64-debian-clang 0.8-5 26.79 83.33 110.12 OK
r-devel-linux-x86_64-debian-gcc 0.8-5 21.16 50.65 71.81 ERROR
r-devel-linux-x86_64-fedora-clang 0.8-5 156.42 OK
r-devel-linux-x86_64-fedora-gcc 0.8-5 158.16 OK
r-devel-windows-x86_64 0.8-5 23.00 112.00 135.00 OK
r-patched-linux-x86_64 0.8-5 23.30 79.67 102.97 OK
r-release-linux-x86_64 0.8-5 25.81 77.95 103.76 OK
r-release-macos-arm64 0.8-5 47.00 OK
r-release-macos-x86_64 0.8-5 79.00 OK
r-release-windows-x86_64 0.8-5 24.00 112.00 136.00 OK
r-oldrel-macos-arm64 0.8-5 68.00 OK
r-oldrel-macos-x86_64 0.8-5 164.00 OK
r-oldrel-windows-x86_64 0.8-5 27.00 127.00 154.00 OK

Check Details

Version: 0.8-5
Check: package dependencies
Result: NOTE Packages suggested but not available for checking: 'pillar', 'dplyr', 'vctrs', 'ggplot2', 'testthat', 'vdiffr' Flavor: r-devel-linux-x86_64-debian-gcc

Version: 0.8-5
Check: tests
Result: ERROR Running ‘testthat.R’ [0s/1s] Running the tests in ‘tests/testthat.R’ failed. Complete output: > library(testthat) Error in library(testthat) : there is no package called 'testthat' Execution halted Flavor: r-devel-linux-x86_64-debian-gcc