CRAN Package Check Results for Package unisensR

Last updated on 2024-05-29 07:58:19 CEST.

Flavor Version Tinstall Tcheck Ttotal Status Flags
r-devel-linux-x86_64-debian-clang 0.3.3 2.30 36.22 38.52 NOTE
r-devel-linux-x86_64-debian-gcc 0.3.3 1.98 27.86 29.84 NOTE
r-devel-linux-x86_64-fedora-clang 0.3.3 48.22 NOTE
r-devel-linux-x86_64-fedora-gcc 0.3.3 46.14 NOTE
r-devel-windows-x86_64 0.3.3 3.00 51.00 54.00 NOTE
r-patched-linux-x86_64 0.3.3 2.83 34.22 37.05 NOTE
r-release-linux-x86_64 0.3.3 2.27 34.14 36.41 NOTE
r-release-macos-arm64 0.3.3 22.00 NOTE
r-release-windows-x86_64 0.3.3 4.00 51.00 55.00 NOTE
r-oldrel-macos-arm64 0.3.3 22.00 NOTE
r-oldrel-macos-x86_64 0.3.3 31.00 NOTE
r-oldrel-windows-x86_64 0.3.3 5.00 54.00 59.00 NOTE

Check Details

Version: 0.3.3
Check: LazyData
Result: NOTE 'LazyData' is specified without a 'data' directory Flavors: r-devel-linux-x86_64-debian-clang, r-devel-linux-x86_64-debian-gcc, r-devel-linux-x86_64-fedora-clang, r-devel-linux-x86_64-fedora-gcc, r-devel-windows-x86_64, r-patched-linux-x86_64, r-release-linux-x86_64, r-release-macos-arm64, r-release-windows-x86_64, r-oldrel-macos-arm64, r-oldrel-macos-x86_64, r-oldrel-windows-x86_64