CRAN Package Check Results for Package ukpolice

Last updated on 2024-06-14 20:03:35 CEST.

Flavor Version Tinstall Tcheck Ttotal Status Flags
r-devel-linux-x86_64-debian-clang 0.2.2 5.53 48.96 54.49 NOTE
r-devel-linux-x86_64-debian-gcc 0.2.2 3.57 36.77 40.34 NOTE
r-devel-linux-x86_64-fedora-clang 0.2.2 68.15 NOTE
r-devel-linux-x86_64-fedora-gcc 0.2.2 75.97 NOTE
r-devel-windows-x86_64 0.2.2 6.00 58.00 64.00 NOTE
r-patched-linux-x86_64 0.2.2 4.87 46.70 51.57 NOTE
r-release-linux-x86_64 0.2.2 3.97 46.68 50.65 NOTE
r-release-macos-arm64 0.2.2 32.00 NOTE
r-release-macos-x86_64 0.2.2 49.00 NOTE
r-release-windows-x86_64 0.2.2 6.00 62.00 68.00 NOTE
r-oldrel-macos-arm64 0.2.2 31.00 NOTE
r-oldrel-macos-x86_64 0.2.2 43.00 NOTE
r-oldrel-windows-x86_64 0.2.2 6.00 63.00 69.00 NOTE

Check Details

Version: 0.2.2
Check: LazyData
Result: NOTE 'LazyData' is specified without a 'data' directory Flavors: r-devel-linux-x86_64-debian-clang, r-devel-linux-x86_64-debian-gcc, r-devel-linux-x86_64-fedora-clang, r-devel-linux-x86_64-fedora-gcc, r-devel-windows-x86_64, r-patched-linux-x86_64, r-release-linux-x86_64, r-release-macos-arm64, r-release-macos-x86_64, r-release-windows-x86_64, r-oldrel-macos-arm64, r-oldrel-macos-x86_64, r-oldrel-windows-x86_64