CRAN Package Check Results for Package tuber

Last updated on 2024-06-14 07:53:13 CEST.

Flavor Version Tinstall Tcheck Ttotal Status Flags
r-devel-linux-x86_64-debian-clang 0.9.9 5.67 65.82 71.49 NOTE
r-devel-linux-x86_64-debian-gcc 0.9.9 5.73 49.24 54.97 NOTE
r-devel-linux-x86_64-fedora-clang 0.9.9 94.49 NOTE
r-devel-linux-x86_64-fedora-gcc 0.9.9 101.78 NOTE
r-devel-windows-x86_64 0.9.9 8.00 80.00 88.00 NOTE
r-patched-linux-x86_64 0.9.9 11.87 62.85 74.72 NOTE
r-release-linux-x86_64 0.9.9 6.65 63.42 70.07 NOTE
r-release-macos-arm64 0.9.9 36.00 NOTE
r-release-macos-x86_64 0.9.9 59.00 NOTE
r-release-windows-x86_64 0.9.9 8.00 86.00 94.00 NOTE
r-oldrel-macos-arm64 0.9.9 37.00 NOTE
r-oldrel-macos-x86_64 0.9.9 54.00 NOTE
r-oldrel-windows-x86_64 0.9.9 12.00 90.00 102.00 NOTE

Check Details

Version: 0.9.9
Check: LazyData
Result: NOTE 'LazyData' is specified without a 'data' directory Flavors: r-devel-linux-x86_64-debian-clang, r-devel-linux-x86_64-debian-gcc, r-devel-linux-x86_64-fedora-clang, r-devel-linux-x86_64-fedora-gcc, r-devel-windows-x86_64, r-patched-linux-x86_64, r-release-linux-x86_64, r-release-macos-arm64, r-release-macos-x86_64, r-release-windows-x86_64, r-oldrel-macos-arm64, r-oldrel-macos-x86_64, r-oldrel-windows-x86_64