CRAN Package Check Results for Package tsibbledata

Last updated on 2024-06-13 07:50:48 CEST.

Flavor Version Tinstall Tcheck Ttotal Status Flags
r-devel-linux-x86_64-debian-clang 0.4.1 4.69 32.81 37.50 OK
r-devel-linux-x86_64-debian-gcc 0.4.1 0.50 1.68 2.18 ERROR
r-devel-linux-x86_64-fedora-clang 0.4.1 48.14 OK
r-devel-linux-x86_64-fedora-gcc 0.4.1 46.17 OK
r-devel-windows-x86_64 0.4.1 6.00 50.00 56.00 OK
r-patched-linux-x86_64 0.4.1 5.07 31.51 36.58 OK
r-release-linux-x86_64 0.4.1 4.60 32.48 37.08 OK
r-release-macos-arm64 0.4.1 19.00 OK
r-release-macos-x86_64 0.4.1 29.00 OK
r-release-windows-x86_64 0.4.1 6.00 49.00 55.00 OK
r-oldrel-macos-arm64 0.4.1 22.00 OK
r-oldrel-macos-x86_64 0.4.1 29.00 OK
r-oldrel-windows-x86_64 0.4.1 8.00 54.00 62.00 OK

Check Details

Version: 0.4.1
Check: package dependencies
Result: ERROR Packages required but not available: 'tsibble', 'vctrs' Package suggested but not available for checking: ‘ggplot2’ See section ‘The DESCRIPTION file’ in the ‘Writing R Extensions’ manual. Flavor: r-devel-linux-x86_64-debian-gcc