CRAN Package Check Results for Package tpfp

Last updated on 2024-07-20 19:53:03 CEST.

Flavor Version Tinstall Tcheck Ttotal Status Flags
r-devel-linux-x86_64-debian-clang 0.0.1 2.72 32.72 35.44 OK
r-devel-linux-x86_64-debian-gcc 0.0.1 1.92 25.27 27.19 OK
r-devel-linux-x86_64-fedora-clang 0.0.1 47.58 NOTE
r-devel-linux-x86_64-fedora-gcc 0.0.1 56.25 NOTE
r-devel-windows-x86_64 0.0.1 6.00 53.00 59.00 OK
r-patched-linux-x86_64 0.0.1 1.82 32.03 33.85 OK
r-release-linux-x86_64 0.0.1 1.66 32.52 34.18 OK
r-release-macos-arm64 0.0.1 25.00 OK
r-release-macos-x86_64 0.0.1 36.00 OK
r-release-windows-x86_64 0.0.1 4.00 52.00 56.00 OK
r-oldrel-macos-arm64 0.0.1 25.00 OK
r-oldrel-macos-x86_64 0.0.1 32.00 OK
r-oldrel-windows-x86_64 0.0.1 4.00 52.00 56.00 OK

Check Details

Version: 0.0.1
Check: dependencies in R code
Result: NOTE Namespace in Imports field not imported from: ‘knitr’ All declared Imports should be used. Flavors: r-devel-linux-x86_64-fedora-clang, r-devel-linux-x86_64-fedora-gcc