CRAN Package Check Results for Package tmvmixnorm

Last updated on 2025-01-12 19:49:28 CET.

Flavor Version Tinstall Tcheck Ttotal Status Flags
r-devel-linux-x86_64-debian-clang 1.1.1 2.32 22.16 24.48 OK
r-devel-linux-x86_64-debian-gcc 1.1.1 1.84 17.38 19.22 OK
r-devel-linux-x86_64-fedora-clang 1.1.1 39.75 OK
r-devel-linux-x86_64-fedora-gcc 1.1.1 38.45 OK
r-devel-windows-x86_64 1.1.1 5.00 57.00 62.00 OK
r-patched-linux-x86_64 1.1.1 2.43 21.10 23.53 NOTE
r-release-linux-x86_64 1.1.1 1.86 21.31 23.17 NOTE
r-release-macos-arm64 1.1.1 15.00 NOTE
r-release-macos-x86_64 1.1.1 23.00 NOTE
r-release-windows-x86_64 1.1.1 4.00 52.00 56.00 NOTE
r-oldrel-macos-arm64 1.1.1 16.00 NOTE
r-oldrel-macos-x86_64 1.1.1 22.00 NOTE
r-oldrel-windows-x86_64 1.1.1 5.00 45.00 50.00 NOTE

Check Details

Version: 1.1.1
Check: LazyData
Result: NOTE 'LazyData' is specified without a 'data' directory Flavors: r-patched-linux-x86_64, r-release-linux-x86_64, r-release-macos-arm64, r-release-macos-x86_64, r-release-windows-x86_64, r-oldrel-macos-arm64, r-oldrel-macos-x86_64, r-oldrel-windows-x86_64