CRAN Package Check Results for Package tm.plugin.alceste

Last updated on 2024-07-19 20:49:43 CEST.

Flavor Version Tinstall Tcheck Ttotal Status Flags
r-devel-linux-x86_64-debian-clang 1.1.1 3.07 32.88 35.95 OK
r-devel-linux-x86_64-debian-gcc 1.1.1 2.84 25.75 28.59 OK
r-devel-linux-x86_64-fedora-clang 1.1.1 49.66 OK
r-devel-linux-x86_64-fedora-gcc 1.1.1 45.89 OK
r-devel-windows-x86_64 1.1.1 4.00 46.00 50.00 NOTE
r-patched-linux-x86_64 1.1.1 6.31 30.86 37.17 OK
r-release-linux-x86_64 1.1.1 3.50 32.03 35.53 OK
r-release-macos-arm64 1.1.1 19.00 OK
r-release-macos-x86_64 1.1.1 25.00 OK
r-release-windows-x86_64 1.1.1 4.00 45.00 49.00 OK
r-oldrel-macos-arm64 1.1.1 22.00 OK
r-oldrel-macos-x86_64 1.1.1 37.00 OK
r-oldrel-windows-x86_64 1.1.1 4.00 48.00 52.00 OK

Check Details

Version: 1.1.1
Check: Rd cross-references
Result: NOTE Found the following Rd file(s) with Rd \link{} targets missing package anchors: AlcesteSource.Rd: meta, getSources readAlceste.Rd: getReaders Please provide package anchors for all Rd \link{} targets not in the package itself and the base packages. Flavor: r-devel-windows-x86_64