CRAN Package Check Results for Package tidyhydat

Last updated on 2024-06-12 19:54:40 CEST.

Flavor Version Tinstall Tcheck Ttotal Status Flags
r-devel-linux-x86_64-debian-clang 0.6.1 11.10 126.68 137.78 OK
r-devel-linux-x86_64-debian-gcc 0.6.1 0.78 1.85 2.63 ERROR
r-devel-linux-x86_64-fedora-clang 0.6.1 169.84 NOTE
r-devel-linux-x86_64-fedora-gcc 0.6.1 174.21 NOTE
r-devel-windows-x86_64 0.6.1 8.00 122.00 130.00 OK
r-patched-linux-x86_64 0.6.1 10.90 123.23 134.13 OK
r-release-linux-x86_64 0.6.1 7.79 120.32 128.11 OK
r-release-macos-arm64 0.6.1 63.00 OK
r-release-macos-x86_64 0.6.1 93.00 OK
r-release-windows-x86_64 0.6.1 10.00 127.00 137.00 OK
r-oldrel-macos-arm64 0.6.1 79.00 OK
r-oldrel-macos-x86_64 0.6.1 129.00 OK
r-oldrel-windows-x86_64 0.6.1 11.00 145.00 156.00 OK

Check Details

Version: 0.6.1
Check: package dependencies
Result: ERROR Packages required but not available: 'dbplyr', 'dplyr', 'lubridate', 'readr', 'RSQLite', 'tidyr' Packages suggested but not available for checking: 'ggplot2', 'testthat' See section ‘The DESCRIPTION file’ in the ‘Writing R Extensions’ manual. Flavor: r-devel-linux-x86_64-debian-gcc

Version: 0.6.1
Check: data for non-ASCII characters
Result: NOTE Note: found 60 marked UTF-8 strings Flavors: r-devel-linux-x86_64-fedora-clang, r-devel-linux-x86_64-fedora-gcc