CRAN Package Check Results for Package tidygeoRSS

Last updated on 2024-06-13 07:50:48 CEST.

Flavor Version Tinstall Tcheck Ttotal Status Flags
r-devel-linux-x86_64-debian-clang 0.0.1 7.14 72.09 79.23 OK
r-devel-linux-x86_64-debian-gcc 0.0.1 0.23 1.60 1.83 ERROR
r-devel-linux-x86_64-fedora-clang 0.0.1 101.43 OK
r-devel-linux-x86_64-fedora-gcc 0.0.1 92.23 OK
r-devel-windows-x86_64 0.0.1 8.00 68.00 76.00 OK
r-patched-linux-x86_64 0.0.1 6.62 69.05 75.67 OK
r-release-linux-x86_64 0.0.1 7.95 68.65 76.60 OK
r-release-macos-arm64 0.0.1 30.00 OK
r-release-macos-x86_64 0.0.1 44.00 OK
r-release-windows-x86_64 0.0.1 8.00 73.00 81.00 OK
r-oldrel-macos-arm64 0.0.1 28.00 OK
r-oldrel-macos-x86_64 0.0.1 48.00 OK
r-oldrel-windows-x86_64 0.0.1 10.00 77.00 87.00 OK

Check Details

Version: 0.0.1
Check: package dependencies
Result: ERROR Packages required but not available: 'dplyr', 'tidyRSS', 'strex', 'stringr', 'purrr' Packages suggested but not available for checking: 'httptest', 'testthat' See section ‘The DESCRIPTION file’ in the ‘Writing R Extensions’ manual. Flavor: r-devel-linux-x86_64-debian-gcc