CRAN Package Check Results for Package tidygapminder

Last updated on 2024-05-22 07:58:56 CEST.

Flavor Version Tinstall Tcheck Ttotal Status Flags
r-devel-linux-x86_64-debian-clang 0.1.1 1.82 32.36 34.18 NOTE
r-devel-linux-x86_64-debian-gcc 0.1.1 1.58 25.38 26.96 NOTE
r-devel-linux-x86_64-fedora-clang 0.1.1 46.15 NOTE
r-devel-linux-x86_64-fedora-gcc 0.1.1 55.93 NOTE
r-devel-windows-x86_64 0.1.1 3.00 47.00 50.00 NOTE
r-patched-linux-x86_64 0.1.1 1.34 30.99 32.33 NOTE
r-release-linux-x86_64 0.1.1 1.31 31.68 32.99 NOTE
r-release-macos-arm64 0.1.1 26.00 NOTE
r-release-windows-x86_64 0.1.1 4.00 49.00 53.00 NOTE
r-oldrel-macos-arm64 0.1.1 26.00 NOTE
r-oldrel-macos-x86_64 0.1.1 37.00 NOTE
r-oldrel-windows-x86_64 0.1.1 4.00 50.00 54.00 NOTE

Check Details

Version: 0.1.1
Check: LazyData
Result: NOTE 'LazyData' is specified without a 'data' directory Flavors: r-devel-linux-x86_64-debian-clang, r-devel-linux-x86_64-debian-gcc, r-devel-linux-x86_64-fedora-clang, r-devel-linux-x86_64-fedora-gcc, r-devel-windows-x86_64, r-patched-linux-x86_64, r-release-linux-x86_64, r-release-macos-arm64, r-release-windows-x86_64, r-oldrel-macos-arm64, r-oldrel-macos-x86_64, r-oldrel-windows-x86_64

Version: 0.1.1
Check: dependencies in R code
Result: NOTE Namespace in Imports field not imported from: ‘dplyr’ All declared Imports should be used. Flavors: r-devel-linux-x86_64-fedora-clang, r-devel-linux-x86_64-fedora-gcc