CRAN Package Check Results for Package tidyMC

Last updated on 2024-07-20 08:49:55 CEST.

Flavor Version Tinstall Tcheck Ttotal Status Flags
r-devel-linux-x86_64-debian-clang 1.0.0 4.52 91.37 95.89 OK
r-devel-linux-x86_64-debian-gcc 1.0.0 2.93 68.62 71.55 OK
r-devel-linux-x86_64-fedora-clang 1.0.0 124.19 OK
r-devel-linux-x86_64-fedora-gcc 1.0.0 127.27 OK
r-devel-windows-x86_64 1.0.0 6.00 116.00 122.00 NOTE
r-patched-linux-x86_64 1.0.0 10.50 85.88 96.38 OK
r-release-linux-x86_64 1.0.0 2.53 88.84 91.37 OK
r-release-macos-arm64 1.0.0 76.00 OK
r-release-macos-x86_64 1.0.0 108.00 OK
r-release-windows-x86_64 1.0.0 5.00 115.00 120.00 OK
r-oldrel-macos-arm64 1.0.0 76.00 OK
r-oldrel-macos-x86_64 1.0.0 142.00 OK
r-oldrel-windows-x86_64 1.0.0 5.00 139.00 144.00 OK

Check Details

Version: 1.0.0
Check: Rd cross-references
Result: NOTE Found the following Rd file(s) with Rd \link{} targets missing package anchors: plot.mc.Rd: ggplot2 plot.summary.mc.Rd: ggplot2 tidy_mc_latex.Rd: kableExtra Please provide package anchors for all Rd \link{} targets not in the package itself and the base packages. Flavor: r-devel-windows-x86_64