CRAN Package Check Results for Package tictactoe

Last updated on 2024-05-29 07:58:18 CEST.

Flavor Version Tinstall Tcheck Ttotal Status Flags
r-devel-linux-x86_64-debian-clang 0.2.2 2.53 39.91 42.44 NOTE
r-devel-linux-x86_64-debian-gcc 0.2.2 2.46 29.11 31.57 NOTE
r-devel-linux-x86_64-fedora-clang 0.2.2 53.03 NOTE
r-devel-linux-x86_64-fedora-gcc 0.2.2 48.91 NOTE
r-devel-windows-x86_64 0.2.2 3.00 49.00 52.00 NOTE
r-patched-linux-x86_64 0.2.2 3.30 37.05 40.35 NOTE
r-release-linux-x86_64 0.2.2 2.75 37.14 39.89 NOTE
r-release-macos-arm64 0.2.2 18.00 NOTE
r-release-windows-x86_64 0.2.2 3.00 50.00 53.00 NOTE
r-oldrel-macos-arm64 0.2.2 23.00 NOTE
r-oldrel-macos-x86_64 0.2.2 28.00 NOTE
r-oldrel-windows-x86_64 0.2.2 5.00 55.00 60.00 NOTE

Check Details

Version: 0.2.2
Check: LazyData
Result: NOTE 'LazyData' is specified without a 'data' directory Flavors: r-devel-linux-x86_64-debian-clang, r-devel-linux-x86_64-debian-gcc, r-devel-linux-x86_64-fedora-clang, r-devel-linux-x86_64-fedora-gcc, r-devel-windows-x86_64, r-patched-linux-x86_64, r-release-linux-x86_64, r-release-macos-arm64, r-release-windows-x86_64, r-oldrel-macos-arm64, r-oldrel-macos-x86_64, r-oldrel-windows-x86_64