CRAN Package Check Results for Package textreuse

Last updated on 2025-01-18 19:49:22 CET.

Flavor Version Tinstall Tcheck Ttotal Status Flags
r-devel-linux-x86_64-debian-clang 0.1.5 22.35 61.48 83.83 OK
r-devel-linux-x86_64-debian-gcc 0.1.5 16.40 46.67 63.07 OK
r-devel-linux-x86_64-fedora-clang 0.1.5 150.01 OK
r-devel-linux-x86_64-fedora-gcc 0.1.5 161.07 OK
r-devel-windows-x86_64 0.1.5 31.00 101.00 132.00 OK
r-patched-linux-x86_64 0.1.5 23.97 58.31 82.28 NOTE
r-release-linux-x86_64 0.1.5 23.37 57.32 80.69 NOTE
r-release-macos-arm64 0.1.5 52.00 NOTE
r-release-macos-x86_64 0.1.5 69.00 NOTE
r-release-windows-x86_64 0.1.5 29.00 103.00 132.00 NOTE
r-oldrel-macos-arm64 0.1.5 60.00 NOTE
r-oldrel-macos-x86_64 0.1.5 88.00 NOTE
r-oldrel-windows-x86_64 0.1.5 32.00 121.00 153.00 NOTE

Check Details

Version: 0.1.5
Check: LazyData
Result: NOTE 'LazyData' is specified without a 'data' directory Flavors: r-patched-linux-x86_64, r-release-linux-x86_64, r-release-macos-arm64, r-release-macos-x86_64, r-release-windows-x86_64, r-oldrel-macos-arm64, r-oldrel-macos-x86_64, r-oldrel-windows-x86_64