CRAN Package Check Results for Package text.alignment

Last updated on 2024-05-18 07:49:24 CEST.

Flavor Version Tinstall Tcheck Ttotal Status Flags
r-devel-linux-x86_64-debian-clang 0.1.4 22.53 35.25 57.78 NOTE
r-devel-linux-x86_64-debian-gcc 0.1.4 18.05 26.49 44.54 NOTE
r-devel-linux-x86_64-fedora-clang 0.1.4 79.36 NOTE
r-devel-linux-x86_64-fedora-gcc 0.1.4 139.31 NOTE
r-devel-windows-x86_64 0.1.4 18.00 69.00 87.00 NOTE
r-patched-linux-x86_64 0.1.4 22.12 32.87 54.99 NOTE
r-release-linux-x86_64 0.1.4 23.05 33.77 56.82 NOTE
r-release-macos-arm64 0.1.4 30.00 NOTE
r-release-windows-x86_64 0.1.4 20.00 68.00 88.00 NOTE
r-oldrel-macos-arm64 0.1.4 46.00 OK
r-oldrel-macos-x86_64 0.1.4 81.00 OK
r-oldrel-windows-x86_64 0.1.4 22.00 76.00 98.00 OK

Check Details

Version: 0.1.4
Check: Rd files
Result: NOTE checkRd: (-1) smith_waterman.Rd:56: Lost braces in \itemize; \value handles \item{}{} directly checkRd: (-1) smith_waterman.Rd:57: Lost braces in \itemize; \value handles \item{}{} directly checkRd: (-1) smith_waterman.Rd:58: Lost braces in \itemize; \value handles \item{}{} directly checkRd: (-1) smith_waterman.Rd:59: Lost braces in \itemize; \value handles \item{}{} directly checkRd: (-1) smith_waterman.Rd:60: Lost braces in \itemize; \value handles \item{}{} directly checkRd: (-1) smith_waterman.Rd:61: Lost braces in \itemize; \value handles \item{}{} directly checkRd: (-1) smith_waterman.Rd:62: Lost braces in \itemize; \value handles \item{}{} directly checkRd: (-1) smith_waterman.Rd:63: Lost braces in \itemize; \value handles \item{}{} directly checkRd: (-1) smith_waterman.Rd:64: Lost braces in \itemize; \value handles \item{}{} directly checkRd: (-1) smith_waterman.Rd:68: Lost braces in \itemize; \value handles \item{}{} directly checkRd: (-1) smith_waterman.Rd:69: Lost braces in \itemize; \value handles \item{}{} directly checkRd: (-1) smith_waterman.Rd:70: Lost braces in \itemize; \value handles \item{}{} directly checkRd: (-1) smith_waterman.Rd:71: Lost braces in \itemize; \value handles \item{}{} directly checkRd: (-1) smith_waterman.Rd:72: Lost braces in \itemize; \value handles \item{}{} directly checkRd: (-1) smith_waterman.Rd:74: Lost braces in \itemize; \value handles \item{}{} directly checkRd: (-1) smith_waterman.Rd:75: Lost braces in \itemize; \value handles \item{}{} directly checkRd: (-1) smith_waterman.Rd:76: Lost braces in \itemize; \value handles \item{}{} directly checkRd: (-1) smith_waterman.Rd:77: Lost braces in \itemize; \value handles \item{}{} directly checkRd: (-1) smith_waterman.Rd:78: Lost braces in \itemize; \value handles \item{}{} directly checkRd: (-1) smith_waterman.Rd:79: Lost braces in \itemize; \value handles \item{}{} directly checkRd: (-1) smith_waterman_misaligned.Rd:27: Lost braces in \itemize; meant \describe ? checkRd: (-1) smith_waterman_misaligned.Rd:28: Lost braces in \itemize; meant \describe ? checkRd: (-1) smith_waterman_misaligned.Rd:29: Lost braces in \itemize; meant \describe ? checkRd: (-1) smith_waterman_misaligned.Rd:17: Lost braces in \itemize; \value handles \item{}{} directly checkRd: (-1) smith_waterman_misaligned.Rd:18: Lost braces in \itemize; \value handles \item{}{} directly checkRd: (-1) smith_waterman_misaligned.Rd:19: Lost braces in \itemize; \value handles \item{}{} directly checkRd: (-1) smith_waterman_misaligned.Rd:20: Lost braces in \itemize; \value handles \item{}{} directly checkRd: (-1) smith_waterman_misaligned.Rd:21: Lost braces in \itemize; \value handles \item{}{} directly Flavors: r-devel-linux-x86_64-debian-clang, r-devel-linux-x86_64-debian-gcc, r-devel-linux-x86_64-fedora-clang, r-devel-linux-x86_64-fedora-gcc, r-devel-windows-x86_64, r-patched-linux-x86_64, r-release-linux-x86_64, r-release-macos-arm64, r-release-windows-x86_64