CRAN Package Check Results for Package taipan

Last updated on 2024-05-30 07:59:09 CEST.

Flavor Version Tinstall Tcheck Ttotal Status Flags
r-devel-linux-x86_64-debian-clang 0.1.2 4.12 43.65 47.77 NOTE
r-devel-linux-x86_64-debian-gcc 0.1.2 3.43 33.89 37.32 NOTE
r-devel-linux-x86_64-fedora-clang 0.1.2 62.24 NOTE
r-devel-linux-x86_64-fedora-gcc 0.1.2 69.13 NOTE
r-devel-windows-x86_64 0.1.2 6.00 56.00 62.00 NOTE
r-patched-linux-x86_64 0.1.2 4.23 41.99 46.22 NOTE
r-release-linux-x86_64 0.1.2 4.46 43.49 47.95 NOTE
r-release-macos-arm64 0.1.2 28.00 NOTE
r-release-windows-x86_64 0.1.2 6.00 55.00 61.00 NOTE
r-oldrel-macos-arm64 0.1.2 29.00 NOTE
r-oldrel-macos-x86_64 0.1.2 43.00 NOTE
r-oldrel-windows-x86_64 0.1.2 6.00 59.00 65.00 NOTE

Check Details

Version: 0.1.2
Check: LazyData
Result: NOTE 'LazyData' is specified without a 'data' directory Flavors: r-devel-linux-x86_64-debian-clang, r-devel-linux-x86_64-debian-gcc, r-devel-linux-x86_64-fedora-clang, r-devel-linux-x86_64-fedora-gcc, r-devel-windows-x86_64, r-patched-linux-x86_64, r-release-linux-x86_64, r-release-macos-arm64, r-release-windows-x86_64, r-oldrel-macos-arm64, r-oldrel-macos-x86_64, r-oldrel-windows-x86_64