CRAN Package Check Results for Package tabulator

Last updated on 2024-06-19 07:57:56 CEST.

Flavor Version Tinstall Tcheck Ttotal Status Flags
r-devel-linux-x86_64-debian-clang 1.0.0 5.03 42.90 47.93 NOTE
r-devel-linux-x86_64-debian-gcc 1.0.0 3.63 33.42 37.05 NOTE
r-devel-linux-x86_64-fedora-clang 1.0.0 63.85 NOTE
r-devel-linux-x86_64-fedora-gcc 1.0.0 58.09 NOTE
r-devel-windows-x86_64 1.0.0 6.00 51.00 57.00 NOTE
r-patched-linux-x86_64 1.0.0 5.06 41.78 46.84 NOTE
r-release-linux-x86_64 1.0.0 3.27 41.63 44.90 NOTE
r-release-macos-arm64 1.0.0 23.00 NOTE
r-release-macos-x86_64 1.0.0 32.00 NOTE
r-release-windows-x86_64 1.0.0 5.00 61.00 66.00 NOTE
r-oldrel-macos-arm64 1.0.0 24.00 NOTE
r-oldrel-macos-x86_64 1.0.0 32.00 NOTE
r-oldrel-windows-x86_64 1.0.0 7.00 56.00 63.00 NOTE

Check Details

Version: 1.0.0
Check: LazyData
Result: NOTE 'LazyData' is specified without a 'data' directory Flavors: r-devel-linux-x86_64-debian-clang, r-devel-linux-x86_64-debian-gcc, r-devel-linux-x86_64-fedora-clang, r-devel-linux-x86_64-fedora-gcc, r-devel-windows-x86_64, r-patched-linux-x86_64, r-release-linux-x86_64, r-release-macos-arm64, r-release-macos-x86_64, r-release-windows-x86_64, r-oldrel-macos-arm64, r-oldrel-macos-x86_64, r-oldrel-windows-x86_64

Version: 1.0.0
Check: dependencies in R code
Result: NOTE Namespaces in Imports field not imported from: ‘stringr’ ‘tibble’ All declared Imports should be used. Flavors: r-devel-linux-x86_64-fedora-clang, r-devel-linux-x86_64-fedora-gcc