CRAN Package Check Results for Package tableHTML

Last updated on 2024-07-23 20:49:23 CEST.

Flavor Version Tinstall Tcheck Ttotal Status Flags
r-devel-linux-x86_64-debian-clang 2.1.2 3.72 68.15 71.87 OK
r-devel-linux-x86_64-debian-gcc 2.1.2 3.86 50.94 54.80 NOTE
r-devel-linux-x86_64-fedora-clang 2.1.2 92.08 NOTE
r-devel-linux-x86_64-fedora-gcc 2.1.2 100.84 OK
r-devel-windows-x86_64 2.1.2 6.00 84.00 90.00 NOTE
r-patched-linux-x86_64 2.1.2 7.30 65.36 72.66 OK
r-release-linux-x86_64 2.1.2 5.05 63.70 68.75 OK
r-release-macos-arm64 2.1.2 41.00 NOTE
r-release-macos-x86_64 2.1.2 58.00 NOTE
r-release-windows-x86_64 2.1.2 5.00 84.00 89.00 NOTE
r-oldrel-macos-arm64 2.1.2 53.00 NOTE
r-oldrel-macos-x86_64 2.1.2 83.00 NOTE
r-oldrel-windows-x86_64 2.1.2 6.00 90.00 96.00 NOTE

Check Details

Version: 2.1.2
Check: Rd cross-references
Result: NOTE Found the following Rd file(s) with Rd \link{} targets missing package anchors: tableHTML_output.Rd: uiOutput Please provide package anchors for all Rd \link{} targets not in the package itself and the base packages. Flavors: r-devel-linux-x86_64-debian-gcc, r-devel-windows-x86_64

Version: 2.1.2
Check: installed package size
Result: NOTE installed size is 6.1Mb sub-directories of 1Mb or more: doc 5.9Mb Flavors: r-devel-linux-x86_64-fedora-clang, r-devel-windows-x86_64, r-release-macos-arm64, r-release-macos-x86_64, r-release-windows-x86_64, r-oldrel-macos-arm64, r-oldrel-macos-x86_64, r-oldrel-windows-x86_64