CRAN Package Check Results for Package suppdata

Last updated on 2024-06-14 20:03:34 CEST.

Flavor Version Tinstall Tcheck Ttotal Status Flags
r-devel-linux-x86_64-debian-clang 1.1-9 7.43 72.97 80.40 OK
r-devel-linux-x86_64-debian-gcc 1.1-9 5.06 54.37 59.43 OK
r-devel-linux-x86_64-fedora-clang 1.1-9 104.44 OK
r-devel-linux-x86_64-fedora-gcc 1.1-9 106.19 OK
r-devel-windows-x86_64 1.1-9 7.00 88.00 95.00 OK
r-patched-linux-x86_64 1.1-9 6.86 68.96 75.82 OK
r-release-linux-x86_64 1.1-9 6.51 69.37 75.88 OK
r-release-macos-arm64 1.1-9 41.00 OK
r-release-macos-x86_64 1.1-9 62.00 WARN
r-release-windows-x86_64 1.1-9 9.00 89.00 98.00 OK
r-oldrel-macos-arm64 1.1-9 56.00 OK
r-oldrel-macos-x86_64 1.1-9 85.00 OK
r-oldrel-windows-x86_64 1.1-9 9.00 94.00 103.00 OK

Check Details

Version: 1.1-9
Check: re-building of vignette outputs
Result: WARN Error(s) in re-building vignettes: ... --- re-building ‘suppdata-intro.Rnw’ using knitr Error: processing vignette 'suppdata-intro.Rnw' failed with diagnostics: Running 'texi2dvi' on 'suppdata-intro.tex' failed. LaTeX errors: ! Undefined control sequence. l.89 \hlkwd{require}\hldef {(suppdata)} ? ! Emergency stop. ! Emergency stop. l.89 End of file on the terminal! ! ==> Fatal error occurred, no output PDF file produced! --- failed re-building ‘suppdata-intro.Rnw’ SUMMARY: processing the following file failed: ‘suppdata-intro.Rnw’ Error: Vignette re-building failed. Execution halted Flavor: r-release-macos-x86_64