Last updated on 2025-01-13 09:48:44 CET.
Flavor | Version | Tinstall | Tcheck | Ttotal | Status | Flags |
---|---|---|---|---|---|---|
r-devel-linux-x86_64-debian-clang | 1.2.2 | 7.78 | 99.20 | 106.98 | OK | |
r-devel-linux-x86_64-debian-gcc | 1.2.2 | 5.38 | 73.22 | 78.60 | OK | |
r-devel-linux-x86_64-fedora-clang | 1.2.2 | 176.72 | OK | |||
r-devel-linux-x86_64-fedora-gcc | 1.2.2 | 206.70 | OK | |||
r-devel-windows-x86_64 | 1.2.2 | 12.00 | 138.00 | 150.00 | OK | |
r-patched-linux-x86_64 | 1.2.2 | 8.07 | 92.20 | 100.27 | NOTE | |
r-release-linux-x86_64 | 1.2.2 | 7.70 | 92.51 | 100.21 | NOTE | |
r-release-macos-arm64 | 1.2.2 | 84.00 | OK | |||
r-release-macos-x86_64 | 1.2.2 | 182.00 | OK | |||
r-release-windows-x86_64 | 1.2.2 | 11.00 | 134.00 | 145.00 | OK | |
r-oldrel-macos-arm64 | 1.2.2 | 78.00 | OK | |||
r-oldrel-macos-x86_64 | 1.2.2 | 126.00 | OK | |||
r-oldrel-windows-x86_64 | 1.2.2 | 14.00 | 156.00 | 170.00 | OK |
Version: 1.2.2
Check: package dependencies
Result: NOTE
Packages suggested but not available for checking: 'pct', 'rsgeo'
Flavors: r-patched-linux-x86_64, r-release-linux-x86_64