CRAN Package Check Results for Package stplanr

Last updated on 2024-06-12 19:54:39 CEST.

Flavor Version Tinstall Tcheck Ttotal Status Flags
r-devel-linux-x86_64-debian-clang 1.2.1 11.53 119.41 130.94 OK
r-devel-linux-x86_64-debian-gcc 1.2.1 0.73 1.91 2.64 ERROR
r-devel-linux-x86_64-fedora-clang 1.2.1 157.42 OK
r-devel-linux-x86_64-fedora-gcc 1.2.1 169.88 OK
r-devel-windows-x86_64 1.2.1 11.00 132.00 143.00 OK
r-patched-linux-x86_64 1.2.1 13.23 114.80 128.03 OK
r-release-linux-x86_64 1.2.1 8.06 112.86 120.92 OK
r-release-macos-arm64 1.2.1 78.00 OK
r-release-macos-x86_64 1.2.1 105.00 OK
r-release-windows-x86_64 1.2.1 11.00 136.00 147.00 OK
r-oldrel-macos-arm64 1.2.1 75.00 OK
r-oldrel-macos-x86_64 1.2.1 155.00 OK
r-oldrel-windows-x86_64 1.2.1 13.00 153.00 166.00 OK

Check Details

Version: 1.2.1
Check: package dependencies
Result: ERROR Packages required but not available: 'dplyr', 'od' Packages suggested but not available for checking: 'cyclestreets', 'dodgr', 'igraph', 'opentripplanner', 'pct', 'rsgeo', 'testthat', 'tmap' See section ‘The DESCRIPTION file’ in the ‘Writing R Extensions’ manual. Flavor: r-devel-linux-x86_64-debian-gcc