CRAN Package Check Results for Package statgenIBD

Last updated on 2023-01-30 09:35:20 CET.

Flavor Version Tinstall Tcheck Ttotal Status Flags
r-devel-linux-x86_64-debian-clang 1.0.5 95.06 99.69 194.75 OK
r-devel-linux-x86_64-debian-gcc 1.0.5 73.94 72.75 146.69 NOTE
r-devel-linux-x86_64-fedora-clang 1.0.5 285.22 NOTE
r-devel-linux-x86_64-fedora-gcc 1.0.5 271.97 NOTE
r-devel-windows-x86_64 1.0.5 131.00 171.00 302.00 NOTE
r-patched-linux-x86_64 1.0.5 79.29 94.06 173.35 OK
r-release-linux-x86_64 1.0.5 74.44 92.51 166.95 OK
r-release-macos-arm64 1.0.5 82.00 NOTE
r-release-macos-x86_64 1.0.5 102.00 NOTE
r-release-windows-x86_64 1.0.5 185.00 186.00 371.00 OK
r-oldrel-macos-arm64 1.0.5 84.00 NOTE
r-oldrel-macos-x86_64 1.0.5 105.00 NOTE
r-oldrel-windows-ix86+x86_64 1.0.5 246.00 196.00 442.00 NOTE

Check Details

Version: 1.0.5
Check: C++ specification
Result: NOTE
     Specified C++11: please update to current default of C++17
Flavors: r-devel-linux-x86_64-debian-gcc, r-devel-linux-x86_64-fedora-clang, r-devel-linux-x86_64-fedora-gcc, r-devel-windows-x86_64

Version: 1.0.5
Check: installed package size
Result: NOTE
     installed size is 7.3Mb
     sub-directories of 1Mb or more:
     extdata 2.4Mb
     libs 4.2Mb
Flavors: r-release-macos-arm64, r-release-macos-x86_64, r-oldrel-macos-arm64, r-oldrel-macos-x86_64, r-oldrel-windows-ix86+x86_64