Last updated on 2023-01-31 17:54:20 CET.
Flavor | Version | Tinstall | Tcheck | Ttotal | Status | Flags |
---|---|---|---|---|---|---|
r-devel-linux-x86_64-debian-clang | 1.1.0 | 6.46 | 50.28 | 56.74 | NOTE | |
r-devel-linux-x86_64-debian-gcc | 1.1.0 | 4.71 | 39.31 | 44.02 | NOTE | |
r-devel-linux-x86_64-fedora-clang | 1.1.0 | 70.26 | NOTE | |||
r-devel-linux-x86_64-fedora-gcc | 1.1.0 | 72.59 | NOTE | |||
r-devel-windows-x86_64 | 1.1.0 | 21.00 | 90.00 | 111.00 | NOTE | |
r-patched-linux-x86_64 | 1.1.0 | 7.54 | 45.76 | 53.30 | OK | |
r-release-linux-x86_64 | 1.1.0 | 6.30 | 45.82 | 52.12 | OK | |
r-release-macos-arm64 | 1.1.0 | 24.00 | OK | |||
r-release-macos-x86_64 | 1.1.0 | 34.00 | OK | |||
r-release-windows-x86_64 | 1.1.0 | 26.00 | 84.00 | 110.00 | OK | |
r-oldrel-macos-arm64 | 1.1.0 | 30.00 | OK | |||
r-oldrel-macos-x86_64 | 1.1.0 | 45.00 | OK | |||
r-oldrel-windows-ix86+x86_64 | 1.1.0 | 13.00 | 83.00 | 96.00 | OK |
Version: 1.1.0
Check: Rd files
Result: NOTE
checkRd: (-1) shypEstFun.Rd:52: Escaped LaTeX specials: \$
checkRd: (-1) shypEstFun.Rd:54: Escaped LaTeX specials: \$
Flavors: r-devel-linux-x86_64-debian-clang, r-devel-linux-x86_64-debian-gcc, r-devel-linux-x86_64-fedora-clang, r-devel-linux-x86_64-fedora-gcc, r-devel-windows-x86_64