CRAN Package Check Results for Package spiralize

Last updated on 2024-06-17 19:51:45 CEST.

Flavor Version Tinstall Tcheck Ttotal Status Flags
r-devel-linux-x86_64-debian-clang 1.0.6 10.84 120.24 131.08 NOTE
r-devel-linux-x86_64-debian-gcc 1.0.6 8.02 85.14 93.16 NOTE
r-devel-linux-x86_64-fedora-clang 1.0.6 155.21 NOTE
r-devel-linux-x86_64-fedora-gcc 1.0.6 160.85 NOTE
r-devel-windows-x86_64 1.0.6 9.00 119.00 128.00 NOTE
r-patched-linux-x86_64 1.0.6 8.21 116.01 124.22 NOTE
r-release-linux-x86_64 1.0.6 6.94 113.07 120.01 NOTE
r-release-macos-arm64 1.0.6 49.00 NOTE
r-release-macos-x86_64 1.0.6 75.00 NOTE
r-release-windows-x86_64 1.0.6 9.00 117.00 126.00 NOTE
r-oldrel-macos-arm64 1.0.6 53.00 OK
r-oldrel-macos-x86_64 1.0.6 83.00 OK
r-oldrel-windows-x86_64 1.0.6 11.00 140.00 151.00 OK

Additional issues

noSuggests

Check Details

Version: 1.0.6
Check: Rd files
Result: NOTE checkRd: (-1) cartesian_to_xy.Rd:21: Lost braces; missing escapes or markup? 21 | in the polar coordinate system, r_k and r_{k+1} are the radius of the two loops at theta + 2*pi*a and theta + 2*pi*(a+1) that below and above the data point, | ^ Flavors: r-devel-linux-x86_64-debian-clang, r-devel-linux-x86_64-debian-gcc, r-devel-linux-x86_64-fedora-clang, r-devel-linux-x86_64-fedora-gcc, r-devel-windows-x86_64, r-patched-linux-x86_64, r-release-linux-x86_64, r-release-macos-arm64, r-release-macos-x86_64, r-release-windows-x86_64