CRAN Package Check Results for Package sparsevar

Last updated on 2024-06-13 07:50:46 CEST.

Flavor Version Tinstall Tcheck Ttotal Status Flags
r-devel-linux-x86_64-debian-clang 0.1.0 6.30 57.88 64.18 OK
r-devel-linux-x86_64-debian-gcc 0.1.0 0.47 1.87 2.34 ERROR
r-devel-linux-x86_64-fedora-clang 0.1.0 85.41 OK
r-devel-linux-x86_64-fedora-gcc 0.1.0 89.63 OK
r-devel-windows-x86_64 0.1.0 6.00 76.00 82.00 OK
r-patched-linux-x86_64 0.1.0 6.23 56.52 62.75 OK
r-release-linux-x86_64 0.1.0 4.16 58.14 62.30 OK
r-release-macos-arm64 0.1.0 37.00 OK
r-release-macos-x86_64 0.1.0 58.00 OK
r-release-windows-x86_64 0.1.0 7.00 76.00 83.00 OK
r-oldrel-macos-arm64 0.1.0 35.00 OK
r-oldrel-macos-x86_64 0.1.0 46.00 OK
r-oldrel-windows-x86_64 0.1.0 8.00 78.00 86.00 OK

Check Details

Version: 0.1.0
Check: package dependencies
Result: ERROR Packages required but not available: 'ggplot2', 'reshape2' Package suggested but not available for checking: ‘testthat’ See section ‘The DESCRIPTION file’ in the ‘Writing R Extensions’ manual. Flavor: r-devel-linux-x86_64-debian-gcc