Last updated on 2025-01-18 19:49:20 CET.
Flavor | Version | Tinstall | Tcheck | Ttotal | Status | Flags |
---|---|---|---|---|---|---|
r-devel-linux-x86_64-debian-clang | 0.0.4 | 6.59 | 54.73 | 61.32 | NOTE | |
r-devel-linux-x86_64-debian-gcc | 0.0.4 | 4.87 | 38.41 | 43.28 | NOTE | |
r-devel-linux-x86_64-fedora-clang | 0.0.4 | 103.47 | NOTE | |||
r-devel-linux-x86_64-fedora-gcc | 0.0.4 | 96.89 | NOTE | |||
r-devel-windows-x86_64 | 0.0.4 | 8.00 | 67.00 | 75.00 | NOTE | |
r-patched-linux-x86_64 | 0.0.4 | 6.30 | 49.88 | 56.18 | NOTE | |
r-release-linux-x86_64 | 0.0.4 | 5.54 | 49.96 | 55.50 | NOTE | |
r-release-macos-arm64 | 0.0.4 | 29.00 | NOTE | |||
r-release-macos-x86_64 | 0.0.4 | 45.00 | NOTE | |||
r-release-windows-x86_64 | 0.0.4 | 7.00 | 68.00 | 75.00 | NOTE | |
r-oldrel-macos-arm64 | 0.0.4 | 29.00 | OK | |||
r-oldrel-macos-x86_64 | 0.0.4 | 55.00 | OK | |||
r-oldrel-windows-x86_64 | 0.0.4 | 9.00 | 76.00 | 85.00 | OK |
Version: 0.0.4
Check: Rd files
Result: NOTE
checkRd: (-1) sdf_unnest.Rd:20: Lost braces
20 | \code{a1, a2, a3}, then code{sdf_explode(df, a)} will produce output with each record replicated
| ^
Flavors: r-devel-linux-x86_64-debian-clang, r-devel-linux-x86_64-debian-gcc, r-devel-linux-x86_64-fedora-clang, r-devel-linux-x86_64-fedora-gcc, r-devel-windows-x86_64, r-patched-linux-x86_64, r-release-linux-x86_64, r-release-macos-arm64, r-release-macos-x86_64, r-release-windows-x86_64