CRAN Package Check Results for Package spam

Last updated on 2024-06-12 19:54:37 CEST.

Flavor Version Tinstall Tcheck Ttotal Status Flags
r-devel-linux-x86_64-debian-clang 2.10-0 58.49 177.20 235.69 OK
r-devel-linux-x86_64-debian-gcc 2.10-0 35.73 118.65 154.38 ERROR
r-devel-linux-x86_64-fedora-clang 2.10-0 313.97 OK
r-devel-linux-x86_64-fedora-gcc 2.10-0 298.18 OK
r-devel-windows-x86_64 2.10-0 54.00 183.00 237.00 OK
r-patched-linux-x86_64 2.10-0 50.20 171.80 222.00 OK
r-release-linux-x86_64 2.10-0 49.97 166.89 216.86 OK
r-release-macos-arm64 2.10-0 79.00 OK
r-release-macos-x86_64 2.10-0 120.00 OK
r-release-windows-x86_64 2.10-0 52.00 182.00 234.00 OK
r-oldrel-macos-arm64 2.10-0 100.00 OK
r-oldrel-macos-x86_64 2.10-0 223.00 OK
r-oldrel-windows-x86_64 2.10-0 62.00 215.00 277.00 OK

Check Details

Version: 2.10-0
Check: package dependencies
Result: NOTE Package suggested but not available for checking: ‘testthat’ Flavor: r-devel-linux-x86_64-debian-gcc

Version: 2.10-0
Check: tests
Result: ERROR Running ‘demo_cholesky.R’ [1s/2s] Comparing ‘demo_cholesky.Rout’ to ‘demo_cholesky.Rout.save’ ... OK Running ‘demo_jss10-example1.R’ [2s/4s] Comparing ‘demo_jss10-example1.Rout’ to ‘demo_jss10-example1.Rout.save’ ... OK Running ‘demo_jss10-figures-table.R’ [7s/10s] Comparing ‘demo_jss10-figures-table.Rout’ to ‘demo_jss10-figures-table.Rout.save’ ... OK Running ‘demo_jss15-BYM.R’ [2s/3s] Comparing ‘demo_jss15-BYM.Rout’ to ‘demo_jss15-BYM.Rout.save’ ... OK Running ‘demo_jss15-Leroux.R’ [3s/4s] Comparing ‘demo_jss15-Leroux.Rout’ to ‘demo_jss15-Leroux.Rout.save’ ... OK Running ‘demo_spam.R’ [1s/3s] Comparing ‘demo_spam.Rout’ to ‘demo_spam.Rout.save’ ... OK Running ‘demo_timing.R’ [3s/4s] Comparing ‘demo_timing.Rout’ to ‘demo_timing.Rout.save’ ... OK Running ‘jss_areal_counts.R’ [2s/3s] Comparing ‘jss_areal_counts.Rout’ to ‘jss_areal_counts.Rout.save’ ... OK Running ‘testthat.R’ [0s/1s] Running the tests in ‘tests/testthat.R’ failed. Complete output: > # HEADER #################################################### > # This is file spam/tests/testthat.R. # > # It is part of the R package spam, # > # --> https://CRAN.R-project.org/package=spam # > # --> https://CRAN.R-project.org/package=spam64 # > # --> https://git.math.uzh.ch/reinhard.furrer/spam # > # by Reinhard Furrer [aut, cre], Florian Gerber [aut], # > # Roman Flury [aut], Daniel Gerber [ctb], # > # Kaspar Moesinger [ctb] # > # HEADER END ################################################ > > library("testthat") Error in library("testthat") : there is no package called 'testthat' Execution halted Flavor: r-devel-linux-x86_64-debian-gcc