CRAN Package Check Results for Package sommer

Last updated on 2024-02-21 06:53:22 CET.

Flavor Version Tinstall Tcheck Ttotal Status Flags
r-devel-linux-x86_64-debian-clang 4.3.3 OK --no-vignettes
r-devel-linux-x86_64-debian-gcc 4.3.3 90.69 133.22 223.91 OK --no-vignettes
r-devel-linux-x86_64-fedora-clang 4.3.3 568.35 OK
r-devel-linux-x86_64-fedora-gcc 4.3.3 644.16 OK
r-devel-windows-x86_64 4.3.3 82.00 181.00 263.00 NOTE --no-vignettes
r-patched-linux-x86_64 4.3.3 118.80 176.88 295.68 OK --no-vignettes
r-release-linux-x86_64 4.3.3 112.42 174.55 286.97 OK --no-vignettes
r-release-macos-arm64 4.3.3 193.00 NOTE
r-release-macos-x86_64 4.3.3 526.00 NOTE
r-release-windows-x86_64 4.3.3 110.00 209.00 319.00 NOTE --no-vignettes
r-oldrel-macos-arm64 4.3.3 188.00 NOTE
r-oldrel-windows-x86_64 4.3.3 98.00 216.00 314.00 NOTE --no-vignettes

Check Details

Version: 4.3.3
Flags: --no-vignettes
Check: installed package size
Result: NOTE installed size is 5.5Mb sub-directories of 1Mb or more: data 1.3Mb doc 1.3Mb libs 1.7Mb Flavors: r-devel-windows-x86_64, r-release-windows-x86_64, r-oldrel-windows-x86_64

Version: 4.3.3
Check: installed package size
Result: NOTE installed size is 13.4Mb sub-directories of 1Mb or more: data 1.3Mb doc 1.3Mb libs 9.6Mb Flavors: r-release-macos-arm64, r-release-macos-x86_64, r-oldrel-macos-arm64