Last updated on 2025-01-24 07:49:31 CET.
Flavor | Version | Tinstall | Tcheck | Ttotal | Status | Flags |
---|---|---|---|---|---|---|
r-devel-linux-x86_64-debian-clang | 0.1-7 | 14.64 | 100.90 | 115.54 | NOTE | |
r-devel-linux-x86_64-debian-gcc | 0.1-7 | 9.39 | 67.51 | 76.90 | NOTE | |
r-devel-linux-x86_64-fedora-clang | 0.1-7 | 183.21 | OK | |||
r-devel-linux-x86_64-fedora-gcc | 0.1-7 | 176.78 | OK | |||
r-devel-windows-x86_64 | 0.1-7 | 14.00 | 104.00 | 118.00 | NOTE | |
r-patched-linux-x86_64 | 0.1-7 | 16.02 | 93.86 | 109.88 | OK | |
r-release-linux-x86_64 | 0.1-7 | 13.21 | 94.19 | 107.40 | OK | |
r-release-macos-arm64 | 0.1-7 | 45.00 | OK | |||
r-release-macos-x86_64 | 0.1-7 | 70.00 | OK | |||
r-release-windows-x86_64 | 0.1-7 | 12.00 | 101.00 | 113.00 | OK | |
r-oldrel-macos-arm64 | 0.1-7 | 51.00 | OK | |||
r-oldrel-macos-x86_64 | 0.1-7 | 81.00 | OK | |||
r-oldrel-windows-x86_64 | 0.1-7 | 16.00 | 122.00 | 138.00 | OK |
Version: 0.1-7
Check: Rd cross-references
Result: NOTE
Found the following Rd file(s) with Rd \link{} targets missing package
anchors:
soilhypfit_control_fit_wrc_hcc.Rd: nloptr
soilhypfit_fit_wrc_hcc.Rd: nloptr
Please provide package anchors for all Rd \link{} targets not in the
package itself and the base packages.
Flavors: r-devel-linux-x86_64-debian-clang, r-devel-linux-x86_64-debian-gcc, r-devel-windows-x86_64