CRAN Package Check Results for Package snowFT

Last updated on 2024-07-18 08:51:20 CEST.

Flavor Version Tinstall Tcheck Ttotal Status Flags
r-devel-linux-x86_64-debian-clang 1.6-1 3.02 20.07 23.09 OK
r-devel-linux-x86_64-debian-gcc 1.6-1 2.31 17.97 20.28 OK
r-devel-linux-x86_64-fedora-clang 1.6-1 45.99 OK
r-devel-linux-x86_64-fedora-gcc 1.6-1 44.32 OK
r-devel-windows-x86_64 1.6-1 3.00 58.00 61.00 OK
r-patched-linux-x86_64 1.6-1 2.60 20.24 22.84 OK
r-release-linux-x86_64 1.6-1 2.62 19.78 22.40 OK
r-release-macos-arm64 1.6-1 22.00 NOTE
r-release-macos-x86_64 1.6-1 31.00 NOTE
r-release-windows-x86_64 1.6-1 3.00 57.00 60.00 OK
r-oldrel-macos-arm64 1.6-1 25.00 NOTE
r-oldrel-macos-x86_64 1.6-1 51.00 NOTE
r-oldrel-windows-x86_64 1.6-1 5.00 60.00 65.00 OK

Check Details

Version: 1.6-1
Check: package dependencies
Result: NOTE Package suggested but not available for checking: ‘Rmpi’ Flavors: r-release-macos-arm64, r-release-macos-x86_64, r-oldrel-macos-arm64, r-oldrel-macos-x86_64