CRAN Package Check Results for Package snapKrig

Last updated on 2024-06-24 07:53:43 CEST.

Flavor Version Tinstall Tcheck Ttotal Status Flags
r-devel-linux-x86_64-debian-clang 0.0.2 6.98 119.98 126.96 NOTE
r-devel-linux-x86_64-debian-gcc 0.0.2 5.74 90.01 95.75 NOTE
r-devel-linux-x86_64-fedora-clang 0.0.2 160.88 NOTE
r-devel-linux-x86_64-fedora-gcc 0.0.2 166.57 NOTE
r-devel-windows-x86_64 0.0.2 6.00 114.00 120.00 NOTE
r-patched-linux-x86_64 0.0.2 8.87 118.46 127.33 NOTE
r-release-linux-x86_64 0.0.2 6.36 118.37 124.73 NOTE
r-release-macos-arm64 0.0.2 42.00 NOTE
r-release-macos-x86_64 0.0.2 77.00 NOTE
r-release-windows-x86_64 0.0.2 7.00 112.00 119.00 NOTE
r-oldrel-macos-arm64 0.0.2 47.00 OK
r-oldrel-macos-x86_64 0.0.2 158.00 OK
r-oldrel-windows-x86_64 0.0.2 6.00 130.00 136.00 OK

Check Details

Version: 0.0.2
Check: Rd files
Result: NOTE checkRd: (-1) sk_GLS.Rd:34: Lost braces; missing escapes or markup? 34 | The GLS solution is: b = ( X^T V^{-1} X )^{-1} X^T V^{-1} z, | ^ checkRd: (-1) sk_GLS.Rd:34: Lost braces; missing escapes or markup? 34 | The GLS solution is: b = ( X^T V^{-1} X )^{-1} X^T V^{-1} z, | ^ checkRd: (-1) sk_GLS.Rd:34: Lost braces; missing escapes or markup? 34 | The GLS solution is: b = ( X^T V^{-1} X )^{-1} X^T V^{-1} z, | ^ checkRd: (-1) sk_GLS.Rd:40: Lost braces; missing escapes or markup? 40 | Operations with V^{-1} are computed using the factorization \code{fac} (see \code{sk_var}), or | ^ checkRd: (-1) sk_LL.Rd:37: Lost braces; missing escapes or markup? 37 | \code{quad_form} is z^T V^{-1} z, for the observed response vector z, which is constructed | ^ checkRd: (-1) sk_var.Rd:41: Lost braces; missing escapes or markup? 41 | returns the quadratic form X^T V^{-1} X. | ^ checkRd: (-1) sk_var.Rd:33: Lost braces; missing escapes or markup? 33 | either matrix \code{V}, or X^T V^{-1} X, or a factorization ('chol' or 'eigen') | ^ Flavors: r-devel-linux-x86_64-debian-clang, r-devel-linux-x86_64-debian-gcc, r-devel-linux-x86_64-fedora-clang, r-devel-linux-x86_64-fedora-gcc, r-devel-windows-x86_64, r-patched-linux-x86_64, r-release-linux-x86_64, r-release-macos-arm64, r-release-macos-x86_64, r-release-windows-x86_64