CRAN Package Check Results for Package smoothAPC

Last updated on 2024-05-24 19:56:46 CEST.

Flavor Version Tinstall Tcheck Ttotal Status Flags
r-devel-linux-x86_64-debian-clang 0.3 9.81 127.42 137.23 NOTE
r-devel-linux-x86_64-debian-gcc 0.3 8.66 94.28 102.94 NOTE
r-devel-linux-x86_64-fedora-clang 0.3 161.53 NOTE
r-devel-linux-x86_64-fedora-gcc 0.3 159.31 NOTE
r-devel-windows-x86_64 0.3 10.00 106.00 116.00 NOTE
r-patched-linux-x86_64 0.3 9.92 120.78 130.70 NOTE
r-release-linux-x86_64 0.3 10.85 118.82 129.67 NOTE
r-release-macos-arm64 0.3 47.00 NOTE
r-release-windows-x86_64 0.3 11.00 110.00 121.00 NOTE
r-oldrel-macos-arm64 0.3 57.00 NOTE
r-oldrel-macos-x86_64 0.3 87.00 NOTE
r-oldrel-windows-x86_64 0.3 14.00 125.00 139.00 NOTE

Check Details

Version: 0.3
Check: LazyData
Result: NOTE 'LazyData' is specified without a 'data' directory Flavors: r-devel-linux-x86_64-debian-clang, r-devel-linux-x86_64-debian-gcc, r-devel-linux-x86_64-fedora-clang, r-devel-linux-x86_64-fedora-gcc, r-devel-windows-x86_64, r-patched-linux-x86_64, r-release-linux-x86_64, r-release-macos-arm64, r-release-windows-x86_64, r-oldrel-macos-arm64, r-oldrel-macos-x86_64, r-oldrel-windows-x86_64

Version: 0.3
Check: dependencies in R code
Result: NOTE Namespaces in Imports field not imported from: ‘compiler’ ‘lmtest’ All declared Imports should be used. Flavors: r-devel-linux-x86_64-fedora-clang, r-devel-linux-x86_64-fedora-gcc

Version: 0.3
Check: package dependencies
Result: NOTE Package suggested but not available for checking: ‘demography’ Flavor: r-oldrel-macos-x86_64