Last updated on 2023-01-31 17:54:19 CET.
Flavor | Version | Tinstall | Tcheck | Ttotal | Status | Flags |
---|---|---|---|---|---|---|
r-devel-linux-x86_64-debian-clang | 1.7.1 | 11.97 | 153.34 | 165.31 | OK | |
r-devel-linux-x86_64-debian-gcc | 1.7.1 | 9.28 | 110.76 | 120.04 | OK | |
r-devel-linux-x86_64-fedora-clang | 1.7.1 | 196.81 | NOTE | |||
r-devel-linux-x86_64-fedora-gcc | 1.7.1 | 207.46 | OK | |||
r-devel-windows-x86_64 | 1.7.1 | 23.00 | 173.00 | 196.00 | OK | |
r-patched-linux-x86_64 | 1.7.1 | 8.22 | 143.64 | 151.86 | OK | |
r-release-linux-x86_64 | 1.7.1 | 10.39 | 142.27 | 152.66 | OK | |
r-release-macos-arm64 | 1.7.1 | 57.00 | OK | |||
r-release-macos-x86_64 | 1.7.1 | 74.00 | OK | |||
r-release-windows-x86_64 | 1.7.1 | 29.00 | 184.00 | 213.00 | OK | |
r-oldrel-macos-arm64 | 1.7.1 | 58.00 | OK | |||
r-oldrel-macos-x86_64 | 1.7.1 | 76.00 | OK | |||
r-oldrel-windows-ix86+x86_64 | 1.7.1 | 22.00 | 174.00 | 196.00 | OK |
Version: 1.7.1
Check: Rd cross-references
Result: NOTE
Undeclared package ‘mice’ in Rd xrefs
Flavor: r-devel-linux-x86_64-fedora-clang