CRAN Package Check Results for Package smartsizer

Last updated on 2024-05-25 19:54:34 CEST.

Flavor Version Tinstall Tcheck Ttotal Status Flags
r-devel-linux-x86_64-debian-clang 1.0.3 2.48 186.26 188.74 NOTE
r-devel-linux-x86_64-debian-gcc 1.0.3 1.85 105.99 107.84 NOTE
r-devel-linux-x86_64-fedora-clang 1.0.3 213.54 NOTE
r-devel-linux-x86_64-fedora-gcc 1.0.3 217.83 NOTE
r-devel-windows-x86_64 1.0.3 3.00 117.00 120.00 NOTE
r-patched-linux-x86_64 1.0.3 2.16 159.79 161.95 NOTE
r-release-linux-x86_64 1.0.3 1.79 160.15 161.94 NOTE
r-release-macos-arm64 1.0.3 55.00 NOTE
r-release-windows-x86_64 1.0.3 4.00 118.00 122.00 NOTE
r-oldrel-macos-arm64 1.0.3 60.00 NOTE
r-oldrel-macos-x86_64 1.0.3 98.00 NOTE
r-oldrel-windows-x86_64 1.0.3 4.00 130.00 134.00 NOTE

Check Details

Version: 1.0.3
Check: LazyData
Result: NOTE 'LazyData' is specified without a 'data' directory Flavors: r-devel-linux-x86_64-debian-clang, r-devel-linux-x86_64-debian-gcc, r-devel-linux-x86_64-fedora-clang, r-devel-linux-x86_64-fedora-gcc, r-devel-windows-x86_64, r-patched-linux-x86_64, r-release-linux-x86_64, r-release-macos-arm64, r-release-windows-x86_64, r-oldrel-macos-arm64, r-oldrel-macos-x86_64, r-oldrel-windows-x86_64